 is -3a6 (base 14) in base 10?
-734
7086 (base 13) to base 5
443424
24444 (base 6) to base 3
11222101
Convert -30155 (base 6) to base 10.
-3959
-11000011111 (base 2) to base 10
-1567
1023 (base 4) to base 16
4b
What is -11101111010 (base 2) in base 16?
-77a
-37ec (base 16) to base 7
-56511
97c (base 16) to base 4
211330
-814 (base 15) to base 11
-1404
-443 (base 11) to base 16
-213
-112130 (base 4) to base 12
-9b8
What is -1120201020 (base 3) in base 12?
-16029
What is 1010120111 (base 3) in base 6?
251104
What is -1ee6 (base 16) in base 14?
-2c50
-2231 (base 6) to base 9
-641
-1012100020 (base 3) to base 8
-56031
What is 2024 (base 14) in base 12?
3240
-56b8 (base 13) to base 15
-3900
Convert -1ae (base 15) to base 6.
-1445
Convert -13233 (base 6) to base 7.
-5640
45d (base 14) to base 9
1163
cdb (base 14) to base 8
4761
What is -443a (base 12) in base 13?
-3577
6265 (base 8) to base 13
1633
Convert -415 (base 14) to base 15.
-388
Convert 2633 (base 12) to base 6.
32103
Convert -2165 (base 9) to base 15.
-718
-229 (base 14) to base 11
-360
What is -3a9 (base 11) in base 16?
-1e2
Convert 16c (base 14) to base 10.
292
2312123 (base 4) to base 2
10110110011011
1551 (base 7) to base 14
328
What is -101111011 (base 2) in base 5?
-3004
Convert 22035 (base 10) to base 8.
53023
What is -13311 (base 4) in base 14?
-27b
What is -c1e (base 15) in base 13?
-131c
Convert -1001 (base 7) to base 12.
-248
What is -db2 (base 14) in base 8?
-5220
Convert 1003031 (base 4) to base 15.
141b
1456 (base 8) to base 2
1100101110
What is -384 (base 12) in base 8?
-1024
Convert -430403 (base 6) to base 8.
-104503
6163 (base 12) to base 10
10587
What is 1240 (base 5) in base 13?
120
What is -811b (base 12) in base 8?
-33247
106045 (base 7) to base 12
ab2a
-153 (base 15) to base 11
-256
10100011010100 (base 2) to base 16
28d4
What is 43 (base 16) in base 13?
52
-102101 (base 3) to base 14
-17d
Convert -294b (base 12) to base 2.
-1001011001011
-5d3 (base 15) to base 9
-1730
Convert -32032 (base 5) to base 10.
-2142
What is 433431 (base 6) in base 15?
a91d
Convert 10113 (base 5) to base 6.
3014
What is 542434 (base 6) in base 13?
17437
What is -1327 (base 11) in base 5?
-23343
Convert 1936 (base 16) to base 4.
1210312
-21002222 (base 3) to base 11
-3992
What is -2446 (base 7) in base 13?
-556
da0f (base 16) to base 4
31220033
-33565 (base 7) to base 5
-233044
Convert -11004 (base 5) to base 10.
-754
-2111342 (base 5) to base 4
-20212112
What is -26b3 (base 12) in base 16?
-1167
-2551 (base 10) to base 15
-b51
Convert 212 (base 13) to base 11.
2a1
59a7 (base 11) to base 4
1322311
What is 109 (base 13) in base 15?
bd
34220 (base 5) to base 16
983
Convert -11000 (base 5) to base 10.
-750
What is 200641 (base 7) in base 5?
2041222
Convert 21301 (base 4) to base 13.
391
What is -4c98 (base 13) in base 14?
-3db7
What is -931 (base 12) in base 6?
-10101
What is a58 (base 12) in base 10?
1508
4214 (base 8) to base 15
9ad
-111001100 (base 2) to base 10
-460
What is 15446 (base 7) in base 4?
1003322
What is 4b1 (base 15) in base 6?
4534
330133 (base 4) to base 3
12022101
-244b (base 16) to base 7
-36042
40512 (base 9) to base 12
13518
bc (base 14) to base 7
325
12136 (base 7) to base 8
6133
71 (base 8) to base 10
57
What is -16605 (base 15) in base 10?
-72230
2312231 (base 4) to base 12
6925
20c (base 13) to base 7
1010
Convert -1010000011111 (base 2) to base 16.
-141f
What is -22012 (base 5) in base 7?
-4252
-30554 (base 6) to base 8
-10006
What is -3113 (base 4) in base 11?
-186
What is -10d2 (base 16) in base 14?
-17d8
Convert -1436 (base 10) to base 14.
-748
What is 10251 (base 6) in base 13?
838
41443 (base 5) to base 12
1710
Convert -4071 (base 10) to base 8.
-7747
What is 11259 (base 13) in base 16?
79c2
What is a99 (base 16) in base 14?
dbb
What is -2473 (base 13) in base 3?
-21002021
-21442 (base 6) to base 15
-d38
Convert -100111100100 (base 2) to base 12.
-1570
1014141 (base 5) to base 10
16796
-2102111 (base 3) to base 13
-a60
What is 656 (base 8) in base 13?
271
-122 (base 15) to base 16
-101
-342 (base 6) to base 11
-112
Convert -66412 (base 7) to base 9.
-24771
-30582 (base 9) to base 8
-47302
What is -23213 (base 6) in base 10?
-3321
What is -1053c (base 15) in base 11?
-35a18
What is -1214 (base 5) in base 9?
-224
Convert -4666 (base 10) to base 6.
-33334
c2 (base 15) to base 9
222
Convert -120120020 (base 3) to base 4.
-2301102
What is 101212111 (base 3) in base 7?
32050
What is 151323 (base 6) in base 11?
aa69
Convert 1001101111 (base 2) to base 4.
21233
What is -212111 (base 5) in base 6?
-53044
What is -1011010010 (base 2) in base 13?
-437
Convert 2064 (base 9) to base 13.
8c8
Convert -233311 (base 4) to base 15.
-d91
-24065 (base 9) to base 3
-211002012
Convert -112422 (base 5) to base 12.
-2468
What is -235504 (base 7) in base 14?
-1183b
Convert 1000111100 (base 2) to base 12.
3b8
What is -2419 (base 12) in base 9?
-5503
-1006 (base 10) to base 9
-1337
-100001011101 (base 2) to base 13
-c89
Convert -c92a (base 15) to base 12.
-20771
25 (base 14) to base 3
1020
What is -31124 (base 7) in base 6?
-55125
-11101111 (base 3) to base 9
-4344
Convert 214656 (base 7) to base 2.
1001001101011010
11213 (base 5) to base 6
3424
What is -1121112 (base 4) in base 9?
-7753
What is -1010011111000 (base 2) in base 3?
-21100211
What is 8470 (base 11) in base 7?
44452
What is 2813 (base 10) in base 2?
101011111101
bb (base 13) to base 2
10011010
Convert -112122222 (base 3) to base 16.
-29c3
Convert -146437 (base 8) to base 4.
-30310133
-1aaa5 (base 11) to base 10
-29276
Convert -9914 (base 12) to base 10.
-16864
What is -51035 (base 7) in base 12?
-71b2
What is -623 (base 10) in base 7?
-1550
Convert 102102 (base 3) to base 14.
180
Convert -1000011100010010 (base 2) to base 5.
-2101303
What is -70ac (base 13) in base 9?
-23255
What is -372 (base 10) in base 4?
-11310
Convert -dda (base 15) to base 8.
-6072
What is -102 (base 5) in base 7?
-36
What is -20021 (base 4) in base 3?
-201022
What is -343 (base 14) in base 6?
-2555
1000011 (base 3) to base 10
733
-322 (base 13) to base 4
-20113
Convert 1220012211 (base 3) to base 2.
1001000111011000
What is -24113 (base 9) in base 13?
-745b
-553345 (base 6) to base 14
-12b61
What is 120231 (base 4) in base 8?
3055
What is 1161 (base 8) in base 7?
1552
What is 344243 (base 5) in base 6?
133344
Convert -71c (base 14) to base 11.
-1061
Convert -31c (base 14) to base 10.
-614
Convert 20153 (base 6) to base 9.
3576
-40506 (base 7) to base 8
-23177
What is 62861 (base 9) in base 2?
1010001000110111
-14115 (base 6) to base 7
-6302
What is -4621 (base 13) in base 14?
-3821
Convert 325221 (base 6) to base 16.
69cd
1c2 (base 13) to base 15
16c
What is -4450 (base 7) in base 9?
-2171
3004 (base 5) to base 10
379
Convert 30321 (base 4) to base 16.
339
-a3ba (base 12) to base 5
-1032404
Convert -3ab9 (base 12) to base 9.
-10246
-433654 (base 7) to base 5
-4411133
Convert 36d (base 16) to base 8.
1555
4b0 (base 12) to base 11
594
Convert 15a (base 11) to base 15.
c6
10012210 (base 3) to base 15
a63
Convert 110010001 (base 2) to base 8.
621
What is -c36 (base 14) in base 15?
-aa0
-20120 (base 4) to base 8
-1030
What is -1670 (base 8) in base 12?
-674
Convert -100011111 (base 2) to base 9.
-348
What is a53 (base 12) in base 6?
10543
1234213 (base 5) to base 3
1020100022
Convert 2410 (base 5) to base 7.
1015
4d74 (base 15) to base 8
40226
What is -611 (base 10) in base 5?
-4421
201100 (base 4) to base 3
2220211
-15d (base 15) to base 8
-471
Convert -ca0 (base 16) to base 2.
-110010100000
What is -60 (base 12) in base 2?
-1001000
Convert 7114 (base 9) to base 14.
1c73
What is -4215 (base 8) in base 4?
-202031
-7370 (base 8) to base 14
-157a
Convert -747 (base 10) to base 13.
-456
What is -1031222 (base 6) in base 5?
-3111341
-331303 (base 4) to base 8
-7563
Convert 43033 (base 6) to base 13.
2883
Convert -6a82 (base 12) to base 14.
-44a6
-111010011011 (base 2) to base 3
-12010111
What is -106 (base 12) in base 9?
-176
What is -12224 (base 6) in base 8?
-3430
What is 616a (base 11) in base 4?
1333313
-1c0 (base 13) to base 5
-2300
Convert 20415 (base 10) to base 4.
10332333
What is 65430 (base 7) in base 13?
758a
What is 11241 (base 5) in base 13?
4b